4?
-39b69
In base 16, what is 35816 + -3?
35813
In base 5, what is 31 + -21124?
-21043
In base 11, what is -5052 + 260?
-48a2
In base 14, what is 512 + -2?
510
In base 12, what is -5261 - -33?
-522a
In base 16, what is -4 - -3a0f?
3a0b
In base 3, what is -221210011 - -12?
-221202222
In base 4, what is 2 + 20000212?
20000220
In base 14, what is 2c + -103?
-b5
In base 2, what is 100 + 1100111111101101001?
1100111111101101101
In base 4, what is 3010323 - 121?
3010202
In base 12, what is 167 - -1137?
12a2
In base 8, what is -3754607 - -5?
-3754602
In base 16, what is -13 - -c6d?
c5a
In base 6, what is -234 - -1220?
542
In base 16, what is -17b2 - 16?
-17c8
In base 2, what is -10111 - 100001000010011?
-100001000101010
In base 12, what is 452471 - -2?
452473
In base 13, what is -7a + 192?
115
In base 4, what is -2000303 + 1101?
-1333202
In base 13, what is 1c4 + -2784?
-2590
In base 6, what is -220 - -1324?
1104
In base 3, what is 20021022021 + 101?
20021022122
In base 9, what is 4 - -124868?
124873
In base 16, what is c5 + -37b1?
-36ec
In base 8, what is 12 + 73643?
73655
In base 7, what is -2 + -1300662?
-1300664
In base 12, what is 0 + 238a9?
238a9
In base 4, what is -1321321130 + 11?
-1321321113
In base 8, what is 1 - -101562?
101563
In base 14, what is -1 + 134ca5?
134ca4
In base 9, what is -1 + -1572321?
-1572322
In base 12, what is -17a429 - -3?
-17a426
In base 16, what is -4 - -5ac5?
5ac1
In base 15, what is -3809 - 0?
-3809
In base 9, what is -15 + -340623?
-340638
In base 10, what is 371 - 214?
157
In base 12, what is 1b518 + -4?
1b514
In base 15, what is -b1c - 19?
-b36
In base 16, what is 2291 - 38?
2259
In base 10, what is 173 + 12627?
12800
In base 7, what is -146 - 16623?
-20102
In base 2, what is -11100101010000110010010 - 100?
-11100101010000110010110
In base 10, what is -16 - 372?
-388
In base 7, what is -1165545 - 2?
-1165550
In base 11, what is -2 + 7a48?
7a46
In base 4, what is 22123 + 0?
22123
In base 6, what is -1352 + -233?
-2025
In base 6, what is 252 - -31530?
32222
In base 13, what is -5557b - 2?
-55580
In base 2, what is 1100010 + 111110000?
1001010010
In base 5, what is 22 + 11103?
11130
In base 14, what is 686 + -14?
672
In base 4, what is -322101130 - 2?
-322101132
In base 10, what is 8879561 + 2?
8879563
In base 4, what is 10 + -20300212?
-20300202
In base 3, what is 110221 - -1022201?
1210122
In base 10, what is -1526983 + -5?
-1526988
In base 5, what is -3 + -30231430?
-30231433
In base 11, what is -3a + 40a06?
40977
In base 5, what is -3421414 + -114?
-3422033
In base 5, what is -3 - -431413?
431410
In base 15, what is -34 - 190?
-1c4
In base 3, what is 0 - 2121110222?
-2121110222
In base 8, what is 13 - -41602?
41615
In base 12, what is 1140 - -3?
1143
In base 7, what is -10 - -30241?
30231
In base 3, what is 20110 + -21020?
-210
In base 15, what is 5 + -b377b?
-b3776
In base 12, what is -317aa + -1?
-317ab
In base 16, what is 7 - -304b?
3052
In base 3, what is 10 + 122221102110?
122221102120
In base 16, what is -4e4 + -4f?
-533
In base 14, what is 896a + 7?
8973
In base 14, what is -3 + 12873?
12870
In base 5, what is -324343 + 101?
-324242
In base 6, what is 13 + -5542441?
-5542424
In base 13, what is 116405 + 2?
116407
In base 9, what is 823585 + -4?
823581
In base 7, what is -161412 + -3?
-161415
In base 14, what is -179 - 62?
-1db
In base 6, what is -31551224 - -5?
-31551215
In base 16, what is 6df2b + -3?
6df28
In base 7, what is 24 - 13406?
-13352
In base 7, what is 2205210 + 4?
2205214
In base 5, what is 322 - 22403?
-22031
In base 3, what is 11 - -11201001110?
11201001121
In base 15, what is -5 - -758?
753
In base 6, what is -2202 + 22?
-2140
In base 8, what is -51624 + 35?
-51567
In base 2, what is -100110001110 + -111010?
-100111001000
In base 16, what is 25 + 6061?
6086
In base 11, what is 175 - 675?
-500
In base 8, what is -331747 - 3?
-331752
In base 10, what is 44347 - -1?
44348
In base 9, what is -62 - -20547?
20475
In base 4, what is -13 - 13030000?
-13030013
In base 14, what is -9b98 - 6d?
-9c27
In base 3, what is -120122022 - 1011?
-120200110
In base 15, what is a - -14dd?
14e8
In base 4, what is -2 + -12030230?
-12030232
In base 15, what is -23356b + 0?
-23356b
In base 4, what is -1120210 - 110?
-1120320
In base 9, what is 2 + -13202?
-13200
In base 15, what is -ed + -30?
-12d
In base 3, what is -11 - -122202202?
122202121
In base 13, what is 11b05c + 4?
11b063
In base 15, what is 1e9b2 + -31?
1e981
In base 5, what is -12 - 13240?
-13302
In base 4, what is -201 + 213010?
212203
In base 3, what is -1102 + 10012012?
10010210
In base 6, what is 105243 - -204?
105451
In base 16, what is -564e3 - -5?
-564de
In base 9, what is -1 - 534205?
-534206
In base 13, what is -15 - a7c8?
-a810
In base 3, what is -10022011 + -101101?
-10200112
In base 10, what is -50 + -383?
-433
In base 5, what is -3 - -1120302?
1120244
In base 4, what is 11 - -332202?
332213
In base 3, what is -11201021 - -11?
-11201010
In base 9, what is 4174 - 104?
4070
In base 5, what is -3 + -12122401?
-12122404
In base 5, what is 1244 - 411422?
-410123
In base 13, what is 59 - 5710?
-5684
In base 2, what is -110010 + 10001110010100100?
10001110001110010
In base 13, what is 153 - -10c1?
1244
In base 16, what is -1 + -2089f?
-208a0
In base 14, what is -99 + -1a?
-b5
In base 6, what is 2 + 1250022?
1250024
In base 9, what is 684 + -277?
406
In base 7, what is 1400 - 151?
1216
In base 4, what is -213 + -22231?
-23110
In base 15, what is 9dd + -55?
988
In base 15, what is 21c + e?
22b
In base 6, what is -2115 - 34015?
-40134
In base 13, what is 278cb + 30?
2792b
In base 3, what is 2111002 + -112?
2110120
In base 3, what is -2000220111 - -12?
-2000220022
In base 5, what is 30003 + 212?
30220
In base 7, what is -13144 - 233?
-13410
In base 9, what is -3 + 1861?
1857
In base 15, what is 3330 - -27?
3357
In base 15, what is 2c14 + 2?
2c16
In base 16, what is 4eaa + -4f?
4e5b
In base 6, what is -13 - 43121?
-43134
In base 13, what is 4 + 78b?
792
In base 4, what is -121100 + -2131?
-123231
In base 8, what is 12 - -4370?
4402
In base 9, what is 1748 + 68?
1827
In base 16, what is -eee + 2a?
-ec4
In base 9, what is -2752 - -57?
-2684
In base 16, what is -2 - 3b91?
-3b93
In base 12, what is -20 - -348?
328
In base 15, what is -5dc + -de?
-6cb
In base 16, what is -8 + 89b?
893
In base 7, what is 5516 + -2?
5514
In base 12, what is -36a5 + 40?
-3665
In base 12, what is -1b - -2473?
2454
In base 2, what is -101 - 1110011110101010111?
-1110011110101011100
In base 2, what is -10011 + -11101010010?
-11101100101
In base 12, what is -13a - -434?
2b6
In base 3, what is 11102100212 - -1?
11102100220
In base 12, what is -3457 + 2?
-3455
In base 7, what is -345 + -34?
-412
In base 6, what is 5 - -123445?
123454
In base 11, what is -149 - -1aa?
61
In base 3, what is -11 - 1210201012202?
-1210201012220
In base 15, what is -74 + 60d?
589
In base 10, what is 114 + -840?
-726
In base 14, what is -1 - -2d3c4?
2d3c3
In base 11, what is 4 - -200a?
2013
In base 2, what is -101010100101001110100 - 1?
-101010100101001110101
In base 4, what is -1331200 - 21?
-1331221
In base 14, what is 9 - -33276?
33281
In base 11, what is -31 - -47686?
47655
In base 16, what is -1 + 26443?
26442
In base 13, what is -b + -1bb6?
-1bc4
In base 10, what is 113837 + 4?
113841
In base 11, what is -242180 - -3?
-242178
In base 14, what is 1 + 1576?
1577
In base 14, what is -1 + 90b54?
90b53
In base 14, what is -4086 + 4?
-4082
In base 10, what is -12982 + -424?
-13406
In base 16, what is -14 - 1ed4a?
-1ed5e
In base 5, what is 1401 + 42?
1443
In base 9, what is 40 - 1346?
-1306
In base 15, what is -bb4 - d6?
-c9a
In base 9, what is 131105 - 3?
131102
In base 2, what is 100 + -110010011?
-110001111
In base 5, what is 2023113 - -10?
2023123
In base 8, what is -2011 + -100?
-2111
In base 2, what is -11110101111 - -10101?
-11110011010
In base 14, what is 942d + -57?
93b6
In base 10, what is 4 + -146356?
-146352
In base 11, what is 1071 - 93?
a89
In base 9, what is 5 - -11172?
11177
In base 16, what is 2da9 + -9f?
2d0a
In base 7, what is -30 - 153145?
-153205
In base 10, what is 5 + -186175?
-186170
In base 4, what is -2 - -1301001?
1300333
In base 7, what is -2 + 323644?
323642
In base 8, what 